y(4)?
16
Let n(v) = v**3 - 6*v**2 + 2*v + 4. What is n(6)?
16
Let d(q) = q**3 + 4*q**2 + 2*q. Calculate d(-3).
3
Let d(f) = -f**3 - 10*f**2 + 12*f - 15. Calculate d(-11).
-26
Let h(t) = -t**2 - 5*t - 3. What is h(-2)?
3
Let n(l) = 2*l**3 + 3*l**2 + 4*l + 4. Determine n(-2).
-8
Let f(j) = j**2 - 3*j - 10. What is f(-3)?
8
Let b(f) = 3*f - 21. Give b(4).
-9
Let i(w) = 10*w - 10. Determine i(4).
30
Let s(x) = 26*x**2. Give s(-1).
26
Let b(h) = -2*h**2 + 4*h - 10. What is b(4)?
-26
Let f(w) = -3*w**2 + 9*w - 3. What is f(-4)?
-87
Let i(q) = 10*q**2 - 2*q + 2. Calculate i(1).
10
Let p(t) = 3*t - 1. Calculate p(8).
23
Let c(x) = -8*x - 17. Determine c(-7).
39
Let l(j) = 52*j**2 - j. What is l(1)?
51
Let o(v) = -8*v - 8. What is o(-1)?
0
Let t(z) = z + 5. What is t(3)?
8
Let r(j) = -j**3 - 8*j**2 - 8*j + 3. Calculate r(-8).
67
Let r(u) = u - 2. What is r(-10)?
-12
Let y(k) = -6*k**3 - 92*k**2 - 31*k - 14. What is y(-15)?
1
Let g(i) = 84*i**3 + i - 2. What is g(1)?
83
Let x(k) = -11*k**3 + 2*k + 1. What is x(2)?
-83
Let w(j) = 35*j**2 + 2*j + 3. Calculate w(-1).
36
Let d(y) = y**3 - 7*y**2 - 11*y + 68. Calculate d(7).
-9
Let j(w) = w**2 - 6*w - 38. Calculate j(9).
-11
Let f(k) = 62*k + 15. Give f(-3).
-171
Let s(d) = -d**3 - 5*d**2 - 5*d - 6. Calculate s(-5).
19
Let b(n) = -2*n**2 + 30*n - 34. Calculate b(14).
-6
Let s(c) = c**2 + 6*c - 36. Determine s(-16).
124
Let k(z) = z**3 + 2*z**2 + 9. What is k(-3)?
0
Let c(d) = -2*d - 6. Give c(-1).
-4
Let a(v) = 7*v**3 + v**2 - 2*v - 1. Determine a(-1).
-5
Let y(d) = -5*d - 31. Give y(-7).
4
Let n(s) = -s**2 + 18*s + 24. Calculate n(18).
24
Let o(u) = -u**2 + 7*u + 8. Determine o(10).
-22
Let b(d) = -d**3 - 49*d**2 - 4. Give b(-49).
-4
Let a(l) = l**2 + 53. What is a(0)?
53
Let m(u) = 4*u + 25. Determine m(-8).
-7
Let t(x) = x**3 - 10*x**2 + 7*x + 5. What is t(8)?
-67
Let i(z) = z**2 + 15*z - 18. Determine i(-16).
-2
Let h(c) = 5*c + 32. What is h(-7)?
-3
Let r(k) = 4*k + 10. Give r(-4).
-6
Let l(x) = x**3 - 7*x**2 - 11*x + 2. What is l(8)?
-22
Let b(l) = -10*l**2 - 2*l - 1. What is b(-1)?
-9
Let q(u) = -u**3 + 14*u**2 - 4*u + 59. What is q(14)?
3
Let z(r) = -r**3 - 7*r**2 + 4*r + 30. What is z(-7)?
2
Let j(d) = -4*d + 82. What is j(21)?
-2
Let s(z) = -3*z + 33. Give s(10).
3
Let x(w) = w + 11. What is x(-9)?
2
Let z(x) = x - 7. Calculate z(0).
-7
Let v(p) = 4*p - 18. Give v(12).
30
Let t(y) = -y**2 + 6*y + 68. Determine t(10).
28
Let j(f) = -f**3 - 24*f**2 - 63*f - 5. Calculate j(-21).
-5
Let u(a) = a**2 - 9*a - 9. Give u(10).
1
Let m(i) = 39*i**2 + 3*i + 3. What is m(-1)?
39
Let k(o) = -o**3 - 8*o**2 - 16*o + 17. What is k(-5)?
22
Let s(m) = m**3 + m**2 - 4*m - 2. Calculate s(-3).
-8
Let t(a) = a + 5. What is t(15)?
20
Let t(q) = q**3 - 7*q**2 + 7*q - 6. Give t(6).
0
Let y(t) = 8*t**2 + 16*t - 6. Determine y(-3).
18
Let h(s) = s**3 - 8*s**2 - 7*s - 1. Calculate h(9).
17
Let v(w) = -19*w - 78. Determine v(-6).
36
Let g(k) = 5*k**2 - 11*k + 16. Give g(2).
14
Let b(p) = 8*p - 17. Give b(6).
31
Let s(x) = 68*x + 408. Give s(-6).
0
Let j(r) = -9*r + 16. Determine j(6).
-38
Let s(d) = -6*d**2 - 39*d - 10. Give s(-6).
8
Let c(g) = -4*g - 9. Determine c(9).
-45
Let n(l) = 8*l - 1. Give n(3).
23
Let p(b) = -b**3 + 4*b**2 + 3*b - 1. Determine p(3).
17
Let i(h) = h**2 - 7*h - 35. Determine i(-6).
43
Let m(q) = -5*q + 6. Determine m(4).
-14
Let y(j) = -j**2 - 18*j - 74. Determine y(-13).
-9
Let o(v) = 6*v + 26. Give o(-9).
-28
Let h(u) = u**3 - 27*u**2 - 29*u + 15. What is h(28)?
-13
Let q(o) = o**3 + 2*o**2 + 3*o + 8. Give q(4).
116
Let y(j) = -j**3 - 7*j**2 - 7*j - 17. Calculate y(-6).
-11
Let l(r) = 2*r**2 + 2*r - 1. Give l(2).
11
Let t(o) = -o**2 - 7*o + 119. Determine t(8).
-1
Let l(i) = -i**2 + 3*i + 8. Calculate l(6).
-10
Let c(o) = -o**3 - 4*o**2 + 3*o - 5. What is c(-5)?
5
Let c(l) = -l**3 - 14*l**2 - 11*l + 21. Determine c(-13).
-5
Let k(m) = 34*m + 9. Calculate k(0).
9
Let u(a) = -a - 25. What is u(-8)?
-17
Let r(w) = -6*w**2 - 3*w + 4. Give r(-3).
-41
Let q(l) = -l**3 + 7*l**2 + 6*l + 16. Calculate q(8).
0
Let x(z) = -9*z + 10. Calculate x(-5).
55
Let l(h) = 2*h**2 - 12*h - 12. What is l(9)?
42
Let y(n) = 3*n**3 - n**2 + 9*n - 3. What is y(2)?
35
Let q(b) = 5*b + 5. Give q(0).
5
Let k(u) = -9*u + 27. What is k(-3)?
54
Let v(u) = -26*u - 20. What is v(5)?
-150
Let q(a) = a**3 + 68*a**2 + 131*a - 73. What is q(-66)?
-7
Let f(w) = w**2 - 4. What is f(4)?
12
Let i(g) = -7*g - 5. What is i(-4)?
23
Let j(s) = s**2 - 6*s + 2. What is j(6)?
2
Let g(x) = -9*x - 136. Calculate g(-15).
-1
Let g(r) = -49*r - 1. Calculate g(-2).
97
Let s(a) = -2*a**3 + 55*a**2 + 25*a + 4. Calculate s(28).
-80
Let h(w) = -4*w**2 + 5*w - 2. Give h(3).
-23
Let l(a) = -4*a - 12. What is l(-3)?
0
Let a(c) = c**3 + 8*c**2 - c - 6. Calculate a(-8).
2
Let g(t) = -t**3 - 24*t**2 - 27*t - 93. What is g(-23)?
-1
Let k(y) = -y**3 - 2*y**2 + 5. Determine k(-2).
5
Let a(w) = -3*w - 23. Calculate a(-11).
10
Let w(g) = -g**3 + 6*g**2 - 3*g - 2. Calculate w(6).
-20
Let v(i) = -i**3 - 25*i**2 + 34*i + 23. Determine v(-26).
-185
Let a(m) = m**3 - 4*m**2 - 4*m - 2. Give a(5).
3
Let a(k) = -k**2 - 12*k + 4. What is a(-12)?
4
Let g(u) = u**3 - 10*u**2 + 21*u + 7. Calculate g(7).
7
Let p(i) = i**3 - 10*i**2 + i - 6. Give p(10).
4
Let g(q) = -q**2 - q + 3. Calculate g(-5).
-17
Let v(k) = k + 17. Calculate v(-7).
10
Let w(t) = -11*t**2 + 28*t - 27. Calculate w(1).
-10
Let a(i) = 2*i**3 - 22*i**2 + 46*i + 11. Calculate a(8).
-5
Let y(z) = 5*z**2 + 37*z + 14. Determine y(-6).
-28
Let p(f) = 5*f + 1. Calculate p(5).
26
Let d(y) = -6*y**2 + y. Give d(1).
-5
Let x(g) = -5*g - 2. Give x(-1).
3
Let p(x) = -12*x + 5. Determine p(3).
-31
Let m(j) = -j**3 + 16*j**2 - 14*j - 32. Calculate m(15).
-17
Let x(p) = p**2 - 5*p. What is x(6)?
6
Let g(f) = -f**3 - 5*f**2 - 6*f - 9. What is g(-4)?
-1
Let q(m) = -2*m - 5. Calculate q(-5).
5
Let p(m) = -m**3 + m**2 + m - 1. What is p(2)?
-3
Let h(x) = -2*x**2 - 1. What is h(2)?
-9
Let t(x) = -2*x - 4. Calculate t(-6).
8
Let d(c) = -111*c - 337. What is d(-3)?
-4
Let a(m) = 10*m + 2. Determine a(0).
2
Let u(m) = 2*m - 10. What is u(11)?
12
Let s(p) = -p - 3. What is s(-1)?
-2
Let u(m) = -3*m**2 + 3*m. Give u(3).
-18
Let t(h) = -19*h - 15. What is t(-1)?
4
Let m(w) = -w**3 - 7*w**2 + 6*w + 42. Give m(-7).
0
Let m(w) = w**2 + 3*w - 4. What is m(-3)?
-4
Let i(u) = 12*u + 59. Determine i(-7).
-25
Let i(o) = -o**3 - 6*o**2 - 7*o. Determine i(-3).
-6
Let q(a) = a**3 + 4*a**2 + a + 2. Determine q(-4).
-2
Let m(h) = -3*h - 76. What is m(-22)?
-10
Let y(a) = a**3 + 4*a**2 + a. Give y(-5).
-30
Let y(w) = w**2 + 15*w + 12. Calculate y(-14).
-2
Let i(z) = z**2 + 10*z + 21. Determine i(-7).
0
Let h(n) = -4*n - 7. Determine h(-7).
21
Let f(m) = -m**2 + 22. What is f(5)?
-3
Let q(y) = -2*y**2 - 55*y - 119. Calculate q(-25).
6
Let b(t) = -t**2 + 5. Calculate b(3).
-4
Let w(s) = -s**3 + 2*s**2 + 5*s + 2. Calculate w(4).
-10
Let d(z) = z**3 - 12*z**2 + 35*z + 12. What is d(6)?
6
Let d(k) = k**3 + 15*k**2 + 17*k + 37. Determine d(-14).
-5
Let o(m) = m**3 + 12*m**2 + 9*m - 14. Give o(-11).
8
Let b(q) = -q**3 - 7*q**2 + 17*q - 16. Calculate b(-9).
-7
Let c(v) = -18*v - 240. Calculate c(-13).
-6
Let y(s) = -8*s**3 - 3*s**2 + 2. Calculate y(2).
-74
Let l(x) = -2*x**3 - 24*x**2 + x + 29. Calculate l(-12).
17
Let h(c) = c - 14. Calculate h(20).
6
Let g(t) = -t**3 + 6*t**2 + 2*t + 4. Calculate g(8).
-108
Let c(g) = -g**2 + 30. Calculate c(-7).
-19
Let z(l) = l**3 - 8*l**2 - 4*l + 34. Give z(8).
2
Let i(g) = -8*g**3 + 3*g**2 + 25*g + 22. Determine i(-1).
8
Let v(m) = -m**3 + 27*m**2 - 51*m + 33. Calculate v(25).
8
Let m(a) = 3*a**3 - 146*a**2 - 48*a - 50. Calculate m(49).
-1
Let v(d) = d**3 - 6*d**2 + 2*d - 9. Calculate v(6).
3
Let t(r) = -3*r + 6. Determine t(-4).
18
Let o(w) = -4*w + 17. Calculate o(9).
-19
Let c(h) = 2*h**3 - 2*h**2 - 10. Calculate c(3).
26
Let b(c) = -9*c + 21. Give b(8).
-51
Let s(a) = -a**3 + 11*a**2 - 20*a + 18. Calculate s(9).
0
Let k(n) = n**3 + 10*n**2 + 15*n + 57. What is k(-9)?
3
Let m(a) = 25*a**2 - 1. Calculate m(1).
24
Let j(p) = -p**2 - 19*p + 86. Calculate j(-22).
20
Let g(j) = 3*j**3 + 2*j**2 - 3*j + 3. Determine g(-3).
-51
Let a(p) = 300*p + 1802. Calculate a(-6).
2
Let j(p) = p**3 - 6*p**2 - 2*p + 9. Determine j(7).
44